29*p. Let m(q) = -3*q + 0 + 8 - p. Give m(-1).
1
Let k be (-9)/90 + 5/50. Let x(v) = -2*v + 4. Determine x(k).
4
Let j(u) = 49*u**3 + 5*u + 8. Let m(h) = -33*h**3 - 3*h - 5. Let s(f) = 5*j(f) + 8*m(f). Determine s(-1).
18
Let k(m) = m**2 - 6*m + 7. Let h = -39 + 44. Let f be k(h). Let l be (f/(-6))/((-1)/3). Let s(x) = -2*x - 1. What is s(l)?
-3
Let y(n) = -3*n + 1. Suppose -5*j - 5*f - 2 = -7, 0 = 2*j - 3*f - 17. Let u be 1/j - (-1309)/44. Let p be 1/4 + u/8. Give y(p).
-11
Suppose 0 = 32*o + 10*o - 168. Let f(p) = p - 1. What is f(o)?
3
Let v be -3*(12/3 - 8). Let k be 5/(4/v*-1). Let a be 9/(-6)*10/k. Let n(f) = -8*f. What is n(a)?
-8
Let d(s) = s**2 + 9*s - 8. Let t be d(-11). Let a(p) = 6*p - t*p + 1 + 10*p. Give a(7).
15
Let n(r) be the third derivative of -r**7/2520 + r**5/120 - r**4/4 - 14*r**2. Let y(z) be the second derivative of n(z). Calculate y(0).
1
Let c(t) = -4*t**3 - 8*t**2 - t + 8. Let b(g) = -9*g**3 - 17*g**2 - 2*g + 17. Let f = -13 - -16. Let w(i) = f*b(i) - 7*c(i). Calculate w(-4).
7
Let i(o) = o + 7. Let d = 47 + -30. Suppose -13*k + 16 = -d*k. What is i(k)?
3
Let g(w) = w**3 + 2*w**2 - 2*w - 2. Let y be g(-2). Let h(a) = -9*a - 1. Give h(y).
-19
Let m(q) be the third derivative of -q**4/24 + q**3/6 + 99*q**2. Determine m(4).
-3
Let f(s) = -s**3 + 6*s**2 - 7*s + 4. Let u(d) = -d - 12*d**2 - 9 - d**3 + 14*d**2 - 11*d**2. Let m be u(-9). Suppose m*z - 16 = -4*z. Determine f(z).
8
Let c = 2 - 2. Let j be (2 - 0) + (0 - c). Let s(n) = 2*n**3 - n. Give s(j).
14
Let k(o) = -o + 4. Let n be -1 - (2 + -7) - 0. Suppose 2*f - f = -n. Calculate k(f).
8
Let r(p) = 5 + 6*p**2 - 15*p**2 + 3*p**2 + 2*p - p - p**3. Suppose 7*h + 3*o - 15 = 12*h, -5*h + 4*o - 10 = 0. Give r(h).
-1
Let x(p) = -4*p**2 - 8*p - 1. Let b = 1899 - 1902. Calculate x(b).
-13
Let j be (-2 - -8)/3*3/2. Let q(g) = -2*g**3 + 7 + g**2 + g**j - 2*g**2 - 5*g**2 + g. Determine q(-6).
1
Let h(f) be the second derivative of -f**3/3 + 7*f**2/2 - 62*f. Give h(-8).
23
Let o(w) = 30 - 50 + 3*w + 10. Calculate o(3).
-1
Let q(o) = 3*o - 2. Let p = 350 - 345. Determine q(p).
13
Let a be (-1)/5 - 24/(-20). Let b(s) = 7*s**2 - 4*s + 7. Let y(x) = -30*x**2 + 18*x - 31. Let h(w) = 9*b(w) + 2*y(w). Calculate h(a).
4
Let v = -8 - -1. Let p(w) = -7*w**3 - w**2 + 5*w + 4. Let y(b) = -9*b**3 + b**2 + 5*b + 4. Let g(h) = -4*p(h) + 3*y(h). Determine g(v).
31
Let b(m) be the third derivative of m**4/4 + 5*m**3/6 - 53*m**2 + m. What is b(-1)?
-1
Let c(j) = 4 - 3 - 1 - 6*j - 1. What is c(-2)?
11
Let k(f) = f**3 - 10*f**2 + 7*f + 22. Let v be k(9). Let g be 16/v + -4 + -4. Let c(d) = -d**3 - 4*d**2 + 3*d + 6. Calculate c(g).
-6
Suppose 2*u = 6*u, -4*u - 210 = -5*b. Let g(s) = 19 - s - b + 26. Determine g(-3).
6
Let y(q) = 10*q + 4*q + q - 23*q + 12*q. Give y(8).
32
Let w(g) = g - 6. Let c = 10 - -6. Let j(i) = -i**2 + 15*i + 16. Let n be j(c). Determine w(n).
-6
Let n(w) = -w - w + 0*w**2 - 2*w - 3 + w**2. Let f(m) = -m + 18. Let s be f(14). What is n(s)?
-3
Let l(r) be the first derivative of -r**6/180 - r**5/20 - r**4/8 - 35*r**3/3 - 11. Let g(j) be the third derivative of l(j). What is g(-4)?
-11
Let w(d) = 2*d**2 + d. Let l be w(2). Suppose 3*t = q - 1, l = 5*q - t - 9. Let a(i) = 2*i**2 - 4*i - 2. Determine a(q).
14
Let l = -34 + 52. Suppose 0 = -6*a + 3*a - l. Let h(y) = -y**3 - 6*y**2 - y + 6. What is h(a)?
12
Suppose 16*h + 60 = h. Let r(c) = -3*c - 21. Determine r(h).
-9
Let m(q) = -3 + 3*q - 5 - 2*q. Let x be 16 + 0 + 15/(-5). Suppose 3*j = 2*v - 17, -j + x = 4*v - 0*v. Calculate m(v).
-4
Let y(t) = t**2 + 9*t + 16. Let b be y(-7). Let l(o) be the third derivative of -1/60*o**6 + 0*o**3 + 0*o + 0*o**4 + 0 + 4*o**2 + 1/30*o**5. Determine l(b).
-8
Let f = -7 + 13. Suppose 3*i + z + 4 - 7 = 0, -2*z = 2*i - f. Suppose 0 = -2*j - 8, -2*j = -3*y - i*j + 2. Let l(c) = 4*c**2 + 3*c. Give l(y).
10
Let u(w) be the first derivative of 22 - w + 2/3*w**3 + 5/2*w**2. Give u(-4).
11
Let f(r) = -r**3 + r**2 - 4*r + 3. Let h = 614 - 598. Suppose -3*v = -2*k - 5, -4*k - 7 = -3*v - 3*k. Suppose 2*p - h = -4*y - y, 9 = v*y + p. What is f(y)?
-9
Suppose 5*t + 129 = 2*b + b, 4*t + 4*b = -84. Let v = t - -23. Let k(y) = -17*y**3 - y**2 - 2*y - 1. Calculate k(v).
17
Let w(k) be the first derivative of k**6/360 + k**5/60 + k**4/24 + 2*k**3/3 - 5. Let n(c) be the third derivative of w(c). Give n(-1).
0
Let a(p) be the second derivative of 5*p**3/6 + 7*p**2 + 100*p - 2. Give a(-4).
-6
Let c(o) be the first derivative of -8 + 1/2*o**2 - 1/3*o**3 + 3*o. Determine c(0).
3
Let u(t) be the first derivative of -t - t - t**2 - 2 + 3*t. Suppose 0 = -4*q + 4*p - 4, 21 = -4*q - 5*p + 53. Determine u(q).
-5
Let o be ((-6)/(-1))/(6/(-40)). Let m = o - -33. Let c(u) = -u**2 - 8*u - 6. Give c(m).
1
Let s be (-300)/(-3150) + (1 - (-212)/(-21)). Let z(l) = l + 6. Determine z(s).
-3
Suppose 0 = 3*y + 3*s - 6, 2*y = -5*s - 1 - 1. Let v(i) = 1 - 136*i + 1 + 134*i. Calculate v(y).
-6
Let i be 69/12 + 1/4. Let l(r) be the third derivative of -r**5/60 + r**4/6 + 2*r**3/3 - 4*r**2 + 4*r. Give l(i).
-8
Let n(u) = u**3 + 10*u**2 - 11*u + 4. Let t be n(-11). Suppose 5*f = -t*b + 6*b - 25, 5*b + 20 = -4*f. Let w(s) = 2 + 0 + 5*s - s**2 + b + 4. Give w(5).
6
Let x(m) = -6*m - 5. Let i(z) = z + 3. Let p(g) = 5*i(g) + x(g). What is p(5)?
5
Let c(y) = -6*y. Suppose 0*l + 20 = 4*l. Suppose 2 = l*s - 3. What is c(s)?
-6
Let h(l) = 3*l + 7. Let d(u) = -4*u - 10. Let m(q) = 4*d(q) + 6*h(q). Calculate m(-5).
-8
Let d = -50 + 52. Let m(o) = -9 - o + d - 1. Give m(-9).
1
Let c(q) = q - 1. Suppose 25 = w - 10. Let f = 36 - w. Determine c(f).
0
Suppose -2*g - 2*l - 9 = 21, -l = -4*g - 65. Let n be g/(-3) - 12/36. Let d(b) = -b - 5 + b**2 - 5*b + 2*b. Give d(n).
0
Let d(p) be the third derivative of 7*p**4/24 - p**3/6 - 3151*p**2. Suppose -k + 2 = -3*k. What is d(k)?
-8
Let h = 18 + -18. Let i = 4 - h. Suppose -5*l - 10 = 3*b, i*b - l - 44 = -19. Let d(r) = 3*r - 6. What is d(b)?
9
Let j(h) be the first derivative of -h**4/4 + h**3 + h**2 + 4*h + 98. Determine j(4).
-4
Let t(k) = k - 6. Let i be t(6). Let p be i + (0 - (2 - 4)). Let j(f) = 2*f**2 - f - 2. Give j(p).
4
Let a(n) = -6*n - 2. Let i(j) = j - 7. Let t be i(9). Suppose t*r - 6 = -r. What is a(r)?
-14
Let g be 6 + -1 - (-1 - -3). Suppose -54 = -3*d - g*i, i = -5*d + 29 + 69. Suppose -4 = 4*s + d. Let b(r) = -r**2 - 8*r - 9. What is b(s)?
3
Let y = 1868 - 1874. Let u(f) = f**3 + 8*f**2 + 10*f - 16. Give u(y).
-4
Let i(t) be the second derivative of -t**3/6 + 5*t**2/2 - 2*t + 45. Calculate i(10).
-5
Let q be (-14)/(-3) + 4/(-6). Let m(f) = f**2 - q*f + 3 + 3*f - 2*f**2. Suppose 27*d = 28*d + 5. Give m(d).
-17
Let g = -10 + 10. Let n(u) = -129 + g*u - u + 135. What is n(0)?
6
Let c(m) = -m**2 - 3. Let p(s) = -2 - 22*s**2 + 20*s**2 - 2. Let x(q) = -3*c(q) + 2*p(q). Let o be ((-15)/(-2))/(-3)*36/30. Give x(o).
-8
Let n(q) = -6*q**3 + 11*q - 11. Let i be n(1). Let y(l) = 7*l + 15. Determine y(i).
-27
Let i be ((-7)/3)/(-1 + 6/9). Let m(o) = -1 + i*o + 2 + o - 7*o. Calculate m(1).
2
Let y(o) = 16*o**3 - 32*o**2 - o + 14. Let a(j) = -5*j**3 + 12*j**2 - 5. Let f(b) = -8*a(b) - 3*y(b). Determine f(1).
-7
Let m(n) be the second derivative of n**5/10 + 5*n**4/12 + n**3/2 + 2*n**2 + 847*n. Calculate m(-4).
-56
Let s(p) = -p**3 - 11*p**2 - 18*p + 2. Let h be s(-9). Let g(w) = 14*w**2 - 13*w**h - 2 + 3. Determine g(-4).
17
Let t = 21 - 35. Let s be (t/(-10))/((-3)/(-15)). Let g(d) = 14 - 4 - 5 - s - d. Give g(-1).
-1
Let l(c) = c**3 - c**2 + 2*c + 1. Let v(j) = -7*j**3 - 2*j**2 - 16*j - 13. Let u(y) = 6*l(y) + v(y). Calculate u(-8).
25
Let p(r) = r**3 + 10*r**2 + 8*r - 13. Let y = 108 + -110. Let z be 238/(-26) + 1*y/(-13). Give p(z).
-4
Let l = -16 - -21. Let h(p) = 4*p**3 - 7*p**2 - 9*p + 8. Let q(a) = 7*a**3 - 13*a**2 - 17*a + 15. Let x = 19 + -24. Let r(u) = x*h(u) + 3*q(u). Determine r(l).
0
Let s(z) = -z - 8. Let k(c) be the second derivative of c**4/6 - 7*c**3/2 - 2*c**2 - 5*c. Let v be k(11). What is s(v)?
-15
Let t(w) = w + 4. Let k(x) = x + 3. Let g(c) = 7*k(c) - 5*t(c). Suppose 3*v + 0*v + 4*q = -16, -2*q - 2 = 0. Give g(v).
-7
Let n(v) = -v**2 + 4*v + 4. Let r be n(5). Let k(u) = -10*u + 0*u**2 - 3*u**2 + 1 + 11*u. Let p be k(r). Let c(l) = l**3 + 2*l**2 + l + 1. Give c(p).
-11
Let c(t) = -